 common divisor of 10 and a.
10
Suppose -4*x + 40 = x - 5*b, -b = 3. What is the highest common factor of x and 10?
5
Suppose -5*b - 11*b = -1200. Calculate the greatest common factor of b and 15.
15
Suppose -550 = 660*y - 665*y. Let m be 10 - (-1 + 1)*1. What is the highest common factor of m and y?
10
Let h(i) = i**3 + 3*i**2 - 1. Let s be h(-2). What is the highest common factor of 6 and s?
3
Let w(f) = -f**3 - 7*f**2 - 7*f - 5. Let g be -9 - (3 + -3) - -2. Let s be w(g). Calculate the greatest common divisor of s and 11.
11
Let l be (-3 - -1*2)*0. Let q be (-1)/(-1)*(198 + l). What is the greatest common divisor of 18 and q?
18
Let x(g) = g**2 - g - 10. Suppose -4*l = -0*l. Let q be x(l). Let f be ((-9)/(-5))/((-2)/q). Calculate the highest common divisor of 36 and f.
9
Let j be (-32)/(-4) - (-6)/3. Let v = -6 + j. Calculate the highest common factor of v and 8.
4
Let c(b) = b**3 + 5*b**2 - b + 3. Suppose -m = -0*m. Suppose 10 = -5*q, u + 0*u - q + 3 = m. Let f be c(u). What is the greatest common factor of 12 and f?
4
Suppose -x = -5*u - 71, -5*u - 13 = 12. What is the highest common divisor of x and 115?
23
Let a(n) = 6*n - 2. Let z be a(2). Let t be (3/(-4))/((-2)/64). Suppose 3*m - 25 = -3*r - 7, -2*m = 5*r - t. Calculate the greatest common factor of z and m.
2
Let q be ((-2)/5)/(2/(-20)). Let r = -5 - -8. Suppose 0 = 2*y - n - 153 + 64, -3*n = r. Calculate the greatest common factor of y and q.
4
Suppose -d = d - 24. Suppose -3*t - 2*h = -108, -2*t - 3*t + 5*h + 180 = 0. Calculate the greatest common factor of d and t.
12
Let g = -36 - -41. What is the greatest common factor of 20 and g?
5
Let i be (2 + -3)/((-2)/72). Let f(h) = 2*h**2 - 9. Let y be f(3). What is the highest common divisor of y and i?
9
Let x be (4/(-15))/((-2)/18)*15. Calculate the greatest common factor of x and 12.
12
Let w(z) = 11*z - 2. Let n be w(1). Calculate the highest common divisor of 36 and n.
9
Let c = 104 - 50. Calculate the greatest common factor of c and 432.
54
Let d be 4 + 2 + 35 + 3. What is the greatest common factor of d and 4?
4
Let i = -2 + -4. Let t be (-17)/(-5) + i/15. Let n = 6 - t. What is the highest common factor of 3 and n?
3
Let a be (-4)/(16/(-145)) - 5/20. Calculate the greatest common factor of a and 12.
12
Let m be 5 - 7 - (0 - 3). What is the highest common divisor of m and 1?
1
Let u be (-52)/(-5) + (-2)/5. What is the greatest common divisor of 20 and u?
10
Let h be (1 + 5/(-3))*6. Let x = 17 - h. What is the highest common divisor of 7 and x?
7
Suppose -10 = -4*g + 2*t - 2, 3*g - 4*t = 6. Calculate the highest common factor of g and 16.
2
Suppose 0*s = -s - 6. Let h(y) = -y**3 - 4*y**2 + 2*y - 4. Let z be h(s). Calculate the greatest common factor of z and 8.
8
Suppose -z = 2*j - 21, j - 6*j = 2*z - 52. What is the greatest common factor of j and 20?
10
Suppose -2*l - 22 = -4*p, -5*l - 32 = -5*p - 4*l. Calculate the highest common factor of p and 7.
7
Let x = -29 + 51. Suppose -t = 2*t - 3*o - 27, -3*o = -2*t + x. Suppose 26*s - 29*s + 28 = 2*m, -4*s = 16. Calculate the greatest common divisor of t and m.
5
Suppose q + 3*j = 4, 0 = 2*q + 2*j + 9 - 25. Calculate the greatest common factor of 15 and q.
5
Let p be (1/2 + -1)/(1/(-56)). Calculate the greatest common factor of p and 140.
28
Let j(z) = 6*z**3 - z. Let n be j(1). Suppose -i + 2*q = 4*i - 217, -2*i + 4*q + 74 = 0. What is the greatest common factor of i and n?
5
Let q = -51 - -86. Let n = 21 + -34. Let u = 20 + n. What is the highest common divisor of u and q?
7
Let m(t) = t**2 + 7*t. Let l be m(-9). What is the greatest common divisor of l and 2?
2
Suppose -2*k + 220 = 2*k. Let s = 34 - 65. Let a = s + k. What is the highest common divisor of a and 16?
8
Let t = 410 + -178. What is the greatest common factor of t and 29?
29
Let x = 23 - 38. Let y = x + 30. Let h = -23 - -33. What is the highest common factor of y and h?
5
Let u be 45/(-12)*(4 - 0). Let t = 27 + u. What is the highest common divisor of t and 6?
6
Let z(r) = -r**3 - 4*r - 7. Let f be z(8). Let u = -367 - f. What is the highest common factor of 23 and u?
23
Let b(w) = w**2 + w + 2. Let i be b(-3). Let l be (3 + 2*-5)*-40. Let s = l - 192. Calculate the greatest common factor of s and i.
8
Suppose 3*y - 567 = -5*p, 2*p - 6*p + 424 = -5*y. Let i(j) = 155*j**2 - 2*j - 1. Let s be i(-1). Let r = s - p. What is the greatest common divisor of 5 and r?
5
Let s(o) = -o**2 + o + 9. Let a be s(0). What is the highest common factor of 9 and a?
9
Let y(b) = b**2 - b + 15. Let u be y(0). Let q(m) = -2*m - 1. Let k be q(-8). What is the highest common divisor of u and k?
15
Let p be -5*(1728/(-20))/4. Let m(o) = -2*o - 4. Let x be m(-3). Suppose c = 4*c + x*l - 32, -3*l = -5*c + 66. What is the greatest common divisor of c and p?
12
Suppose -3*j = -3*g - 42, 2*j + 2*g - 28 = -g. What is the greatest common divisor of j and 56?
14
Suppose -3*g = h - 6*h + 27, 3*h + 5*g - 23 = 0. Calculate the greatest common divisor of 4 and h.
2
Let i be (36/(-5))/((-3)/10). Calculate the greatest common divisor of 72 and i.
24
Let j be 3/3 + 0 - -6. Let y be (-4)/(-12)*39*j. Calculate the highest common divisor of 13 and y.
13
Let d(g) = -g**2 + 9. Let o be d(-7). Let x = o + 82. Let u(m) = m. Let b be u(6). What is the greatest common factor of x and b?
6
Let m be (-26)/(-7) + (-14)/(-49). Suppose -m*o + 135 = -281. What is the greatest common divisor of 13 and o?
13
Suppose -5*n + 43 = -42. Calculate the greatest common divisor of 136 and n.
17
Let m = -11 - -12. Suppose -2*x + m - 7 = 0, -w + 3*x = -134. Calculate the greatest common divisor of 25 and w.
25
Suppose 2*u - 152 = 5*d, 2*d + d = 5*u - 342. What is the highest common divisor of u and 165?
33
Let m = 4 - -6. Let b(z) = 2*z - 4. Let g be b(7). Calculate the highest common divisor of m and g.
10
Suppose -4*o + 5*c + 31 = 0, -c = -4*o - 6*c + 1. What is the highest common factor of o and 32?
4
Suppose n + 1 = 12. What is the highest common divisor of 99 and n?
11
Suppose -34 - 11 = -3*a. Suppose 3 = b - x, -2*b - 5*x = -b - a. What is the highest common divisor of 1 and b?
1
Let y be (-2 - 1) + 1 + 9. Suppose -y*w + 2*w - 28 = -u, 3*u - 5*w - 124 = 0. Calculate the greatest common divisor of 6 and u.
6
Suppose 0 = 5*d + j - 16, -d + 13 = -3*j - 3. Calculate the greatest common factor of 4 and d.
4
Let j = 8 + -1. Suppose -7*p + 36 = 5*c - 4*p, -c = 4*p + 3. Let s be (-7)/(0 - 3/c). Calculate the highest common divisor of s and j.
7
Let h = -21 - -29. Suppose -3*k = -h*k + 360. What is the highest common divisor of k and 8?
8
Suppose 3*h = -2*h + 70. Let w = h + 76. What is the highest common divisor of w and 10?
10
Let l = -32 - -47. Let k = -7 - -10. What is the greatest common divisor of l and k?
3
Let x = -86 - -52. Let h = 70 + x. Calculate the highest common divisor of h and 24.
12
Suppose 0 = 5*l - 5*d - 1690, 350 = -l + 2*l + 2*d. Let o = l - 188. What is the greatest common factor of o and 14?
14
Let n(t) = 6*t - 12. Let z be n(6). What is the greatest common divisor of 60 and z?
12
Suppose -168 = 11*a - 18*a. Suppose -3*f = -27 - 9. What is the greatest common factor of f and a?
12
Let u be (2/4)/(2/(-8)). Let r = u + 3. Let y be 9*r*2/6. What is the greatest common factor of y and 27?
3
Let m = 65 + -39. Let k = 29 + -16. Calculate the greatest common factor of m and k.
13
Let v = -70 - -100. Let p be ((-90)/20)/(2/4). Let j = 15 + p. What is the highest common factor of j and v?
6
Suppose 0 = -2*u + 37 - 15. Calculate the highest common divisor of 99 and u.
11
Let n = 11 - -11. Calculate the highest common divisor of 198 and n.
22
Suppose 2*w + p = 9 + 1, 5*w = 4*p + 12. Calculate the greatest common factor of 12 and w.
4
Suppose 0 = -3*t + t + 4*n + 312, t + 4*n = 156. Suppose 324 = 2*d - t. Suppose 0 = -0*w - 4*w + d. Calculate the highest common factor of w and 15.
15
Suppose -3*x = -o + 20, 0 = 3*x - x + 6. Let v(t) = t**2 - 123. Let f be v(0). Let z = 244 + f. What is the highest common divisor of o and z?
11
Suppose 5*j - 4*j = 0. Suppose j = -i + 15 + 37. Let d(z) = -12*z + 1. Let g be d(-1). Calculate the greatest common factor of i and g.
13
Let f(u) = -u**3 + 1 - 2 - 6 - 9*u**2 + u**2 - 2*u. Let n be f(-8). What is the highest common factor of 9 a